{"id":2,"date":"2023-09-10T12:18:07","date_gmt":"2023-09-10T10:18:07","guid":{"rendered":"http:\/\/dronestuff.es\/?page_id=2"},"modified":"2024-08-01T09:08:32","modified_gmt":"2024-08-01T07:08:32","slug":"pagina-ejemplo","status":"publish","type":"page","link":"https:\/\/dronestuff.es\/index.php\/pagina-ejemplo\/","title":{"rendered":"Nosotros"},"content":{"rendered":"\n<p><\/p>\n\n\n\n<p class=\"has-black-color has-text-color has-link-color wp-elements-9981d850ca654a7d2007f07dc1599cbc\">En <strong>DRONESTUFF<\/strong>, somos pilotos profesionales de drones STS-ES 01 y STS-ES 02. Estamos autorizados por\u00a0<strong><a href=\"https:\/\/www.seguridadaerea.gob.es\/\">AESA<\/a><\/strong>\u00a0(Agencia Estatal de Seguridad A\u00e9rea) para realizar operaciones tanto en espacio a\u00e9reo controlado (CTR) como en entornos urbanos, de d\u00eda y de noche, en categor\u00eda abierta y espec\u00edfica. Gestionamos todos los permisos relacionados con la operaci\u00f3n.<\/p>\n\n\n\n<p class=\"has-black-color has-text-color has-link-color wp-elements-75fcd07f491c842b002747d60d498da0\">Realizamos filmaciones&nbsp;y capturas a\u00e9reas de:<\/p>\n\n\n\n<ul class=\"has-black-color has-text-color has-link-color wp-block-list wp-elements-fa2a85de0a00554ed6f02e4a3e360435\">\n<li>Promociones tur\u00edsticas y culturales<\/li>\n\n\n\n<li>Fiestas y celebraciones<\/li>\n\n\n\n<li>Publicidad<\/li>\n\n\n\n<li>Inmobiliarias<\/li>\n\n\n\n<li>Eventos deportivos<\/li>\n\n\n\n<li>Grabaciones corporativas<\/li>\n\n\n\n<li>Planificaci\u00f3n y seguimiento de obras<\/li>\n\n\n\n<li>Revisi\u00f3n de estructuras y naves industriales tanto en exteriores como en interiores<\/li>\n<\/ul>\n\n\n\n<p class=\"has-black-color has-text-color has-link-color wp-elements-64f116b7b3e0e0f4deefca503c4742f7\">Disponemos de una flota suficiente para abordar una amplia gama de trabajos y todos nuestros drones est\u00e1n asegurados ante cualquier incidencia.<\/p>\n\n\n\n<p class=\"has-black-color has-text-color has-link-color wp-elements-cf190fee64a3b4129970d73aeedb8b0f\">Si quieres contactar con nosotros para proponernos un trabajo, un proyecto, necesitas un presupuesto, o tienes alguna duda, accede a <strong><a href=\"https:\/\/dronestuff.es\/index.php\/contactos\/\">Contactos<\/a><\/strong> y estaremos encantados de ayudarte.<\/p>\n","protected":false},"excerpt":{"rendered":"<p>En DRONESTUFF, somos pilotos profesionales de drones STS-ES 01 y STS-ES 02. Estamos autorizados por\u00a0AESA\u00a0(Agencia Estatal de Seguridad A\u00e9rea) para [&hellip;]<\/p>\n","protected":false},"author":1,"featured_media":0,"parent":0,"menu_order":1,"comment_status":"closed","ping_status":"open","template":"","meta":{"site-sidebar-layout":"default","site-content-layout":"","ast-site-content-layout":"default","site-content-style":"default","site-sidebar-style":"default","ast-global-header-display":"","ast-banner-title-visibility":"","ast-main-header-display":"","ast-hfb-above-header-display":"","ast-hfb-below-header-display":"","ast-hfb-mobile-header-display":"","site-post-title":"","ast-breadcrumbs-content":"","ast-featured-img":"","footer-sml-layout":"","ast-disable-related-posts":"","theme-transparent-header-meta":"","adv-header-id-meta":"","stick-header-meta":"","header-above-stick-meta":"","header-main-stick-meta":"","header-below-stick-meta":"","astra-migrate-meta-layouts":"default","ast-page-background-enabled":"default","ast-page-background-meta":{"desktop":{"background-color":"var(--ast-global-color-4)","background-image":"","background-repeat":"repeat","background-position":"center center","background-size":"auto","background-attachment":"scroll","background-type":"","background-media":"","overlay-type":"","overlay-color":"","overlay-opacity":"","overlay-gradient":""},"tablet":{"background-color":"","background-image":"","background-repeat":"repeat","background-position":"center center","background-size":"auto","background-attachment":"scroll","background-type":"","background-media":"","overlay-type":"","overlay-color":"","overlay-opacity":"","overlay-gradient":""},"mobile":{"background-color":"","background-image":"","background-repeat":"repeat","background-position":"center center","background-size":"auto","background-attachment":"scroll","background-type":"","background-media":"","overlay-type":"","overlay-color":"","overlay-opacity":"","overlay-gradient":""}},"ast-content-background-meta":{"desktop":{"background-color":"var(--ast-global-color-5)","background-image":"","background-repeat":"repeat","background-position":"center center","background-size":"auto","background-attachment":"scroll","background-type":"","background-media":"","overlay-type":"","overlay-color":"","overlay-opacity":"","overlay-gradient":""},"tablet":{"background-color":"var(--ast-global-color-5)","background-image":"","background-repeat":"repeat","background-position":"center center","background-size":"auto","background-attachment":"scroll","background-type":"","background-media":"","overlay-type":"","overlay-color":"","overlay-opacity":"","overlay-gradient":""},"mobile":{"background-color":"var(--ast-global-color-5)","background-image":"","background-repeat":"repeat","background-position":"center center","background-size":"auto","background-attachment":"scroll","background-type":"","background-media":"","overlay-type":"","overlay-color":"","overlay-opacity":"","overlay-gradient":""}},"footnotes":""},"class_list":["post-2","page","type-page","status-publish","hentry"],"_links":{"self":[{"href":"https:\/\/dronestuff.es\/index.php\/wp-json\/wp\/v2\/pages\/2","targetHints":{"allow":["GET"]}}],"collection":[{"href":"https:\/\/dronestuff.es\/index.php\/wp-json\/wp\/v2\/pages"}],"about":[{"href":"https:\/\/dronestuff.es\/index.php\/wp-json\/wp\/v2\/types\/page"}],"author":[{"embeddable":true,"href":"https:\/\/dronestuff.es\/index.php\/wp-json\/wp\/v2\/users\/1"}],"replies":[{"embeddable":true,"href":"https:\/\/dronestuff.es\/index.php\/wp-json\/wp\/v2\/comments?post=2"}],"version-history":[{"count":17,"href":"https:\/\/dronestuff.es\/index.php\/wp-json\/wp\/v2\/pages\/2\/revisions"}],"predecessor-version":[{"id":493,"href":"https:\/\/dronestuff.es\/index.php\/wp-json\/wp\/v2\/pages\/2\/revisions\/493"}],"wp:attachment":[{"href":"https:\/\/dronestuff.es\/index.php\/wp-json\/wp\/v2\/media?parent=2"}],"curies":[{"name":"wp","href":"https:\/\/api.w.org\/{rel}","templated":true}]}}